s of g?
11, 31
Let i = -6391 + 13941. Suppose 9*t - i = 6652. List the prime factors of t.
2, 3, 263
Let f(i) be the first derivative of -19*i**2/2 + 14*i - 135. What are the prime factors of f(-10)?
2, 3, 17
Suppose c - 4*c = 2*f - 25917, 4*c - 25920 = -2*f. What are the prime factors of f?
2, 3, 17, 127
Let m(f) = 12*f**3 + f + 1. Let i be 33/7 + (-4 - (-120)/28). Let h = 7 - i. What are the prime factors of m(h)?
3, 11
Let f = 13403 + -3843. List the prime factors of f.
2, 5, 239
Let q(m) = m**3 + 58*m**2 + 716*m + 50. What are the prime factors of q(-40)?
2, 3, 5, 7
Suppose 3*i - 2*k - 28 = 3*k, -5*k = -i + 16. Let n(h) = 22*h + 5. Let b be n(i). Suppose -b = -p - 9. List the prime factors of p.
2
Let h be (-21)/(-4) + (-5 - 76/(-16)). Suppose -7*f - h - 30 = 0. List the prime factors of 29*(2 + -4 - f).
3, 29
Suppose -2*o + 88 = 2*p, 2*p + 5*o - 80 = 11. Suppose 10*s = p*s - 16962. What are the prime factors of s?
2, 257
Let q(k) = k**2 + 9*k - 38. Let l be -43 + 1 - (-6 - (-4 - -2)). What are the prime factors of q(l)?
2, 7, 19
Let d = -559 - -237. Let n = d - -1153. What are the prime factors of n?
3, 277
Let b = 273 + -270. Suppose -b*m = 2*m, -a + 4*m + 23 = 0. List the prime factors of a.
23
Suppose 16*x - 13*x - 9 = 0. Suppose 0 = x*h - 173 - 718. Let g = h + -102. What are the prime factors of g?
3, 5, 13
Suppose 6*v - 11235 = -v. Suppose 2*s + 2*h - v = -h, 4000 = 5*s + 5*h. List the prime factors of s.
3, 5, 53
Let w = -14 - 25. Let y(k) = 78*k**3 + k - 2. Let h be y(1). Let m = w + h. List the prime factors of m.
2, 19
Suppose 4*d + 8*d = 43776. Suppose -4*a = 4*c - d, 0 = 3*c + 8*a - 13*a - 2736. What are the prime factors of c?
2, 3, 19
Let s = -282 + 268. What are the prime factors of ((-732)/s)/((-2)/(-42))?
2, 3, 61
Suppose 1283257 = 134*n - 1179797. List the prime factors of n.
3, 11, 557
Let g(i) = -42*i - 142. Let p(m) = -43*m - 143. Let c(x) = 3*g(x) - 4*p(x). What are the prime factors of c(34)?
2, 3, 5, 19
Let x(c) = 2 - 6 + 5 + 0 - c**3 + c**2. Let i(s) = -111*s**3 - 7*s**2 + 4*s - 6. Let r(f) = -i(f) - 4*x(f). What are the prime factors of r(1)?
2, 29
Suppose -9100 = -3*s - 5*h, 8*h - 11*h - 6073 = -2*s. List the prime factors of s.
5, 607
Let j = -43 + 42. Let u = j - -3. Suppose u*w - 87 = b, 0*w + 2*b + 133 = 3*w. What are the prime factors of w?
41
Let k be -5 - (5/(-1) + -16). Suppose -k = u + 4*d, 4*d + 21 = -2*u + 5. Let g(l) = -3*l + 121. List the prime factors of g(u).
11
Suppose 3*b - l - 439 = 0, 59 = 4*b + 5*l - 501. Suppose -2*r = -6, 5*r + 0 - b = -w. What are the prime factors of w?
2, 5, 13
Let j be (108/30 - 4) + (-254)/(-10). Let k = 133 + j. List the prime factors of k.
2, 79
Suppose -c + p - 2*p + 1911 = 0, 2*c + p - 3818 = 0. What are the prime factors of c?
1907
Suppose 0 = 5*h + x - 1088, 2*h = 3*x - 6*x + 443. Suppose -6*q - 85 = -q. Let p = h + q. List the prime factors of p.
2, 5
Suppose -4*l = 7*x - 11*x - 32, -4*x + 2*l = 22. Let n(z) = -197*z - 37. What are the prime factors of n(x)?
2, 277
Let r(h) = 1002*h + 1702. List the prime factors of r(24).
2, 5, 103
Suppose 4*o - 55124 = 79728. List the prime factors of o.
33713
Suppose 3*f - 1 + 74 = 4*k, -4 = -4*f. Suppose -4*j - n = -25, 11 = 5*j + n - 19. Suppose -j*t = m - t - 23, -2*t + k = m. List the prime factors of m.
3, 5
Let f = 7893 - 7235. List the prime factors of f.
2, 7, 47
Let a(g) = 3005*g - 200. Let l be a(3). Suppose -l = -5*d - 1305. List the prime factors of d.
2, 751
Let y(a) = -1128*a**2 - 9 + 284*a**2 - 9*a + 282*a**2 + 284*a**2 + 280*a**2. Let i = 6 + -11. List the prime factors of y(i).
2, 43
Let z(f) = 52*f + 34. Let d(g) = 209*g + 136. Let v(o) = -2*d(o) + 9*z(o). What are the prime factors of v(8)?
2, 7, 31
Suppose 2122 - 7806 = -98*k. What are the prime factors of k?
2, 29
Suppose -63*g + 55*g = -224. Suppose 0 = -0*j - g*j + 16688. List the prime factors of j.
2, 149
Let r(j) = 212*j**2 - 207*j. List the prime factors of r(5).
5, 853
Suppose 860*v = 861*v + 2*a - 10295, 4*a + 41132 = 4*v. List the prime factors of v.
3, 127
Let f(x) = -7101*x**3 - 66*x**2 - 67*x. What are the prime factors of f(-1)?
2, 53, 67
Let f = -9 + 18. Suppose -2*m = m - b + f, 3*b + 21 = -3*m. List the prime factors of 12/(-48) + -1 + (-513)/m.
127
Let p(u) = -u**3 - u**2 - 2*u + 52575. List the prime factors of p(0).
3, 5, 701
Let q(p) = 6*p + 10. Let c(b) = -5*b - 9. Let x(a) = -5*c(a) - 4*q(a). Let g be x(-8). Let r(j) = -17*j - 7. List the prime factors of r(g).
2, 11
Let h(c) = 515*c + 3608. List the prime factors of h(-3).
2063
List the prime factors of ((-824)/1030)/(2/(-19275)).
2, 3, 5, 257
Suppose 13766 = 5*c - 103*m + 104*m, 5*c - 13754 = -4*m. What are the prime factors of c?
2, 3, 17
Let p(q) = 15*q**2 + 113*q - 55. List the prime factors of p(16).
7, 17, 47
Suppose 74*i - 69*i = -5*n + 30220, -30190 = -5*i + n. What are the prime factors of i?
3, 11, 61
Let y(m) = 4*m**2 + 10*m + 8. Let t(i) = i**2 - 19*i + 64. Let q be t(6). What are the prime factors of y(q)?
2, 163
Let r(p) = -p**3 + 29*p**2 + 14*p - 86. Let b be r(29). Suppose -4*o + m + 142 = -473, 2*o - b = -2*m. What are the prime factors of o?
5, 31
Let w = 899 + -733. Let k = w + 239. What are the prime factors of k?
3, 5
Let n(q) = -q**3 + 12*q**2 - q - 11. Suppose -18*u = 10 - 118. List the prime factors of n(u).
199
Suppose -4*x - 5*v = -15, -3*x - 2*v = 2*v - 11. Suppose 3*z = 2*q + 109 - x, 56 = 2*z - 4*q. Let w = -17 + z. List the prime factors of w.
3, 7
Suppose -11967 = -64*d - 895. List the prime factors of d.
173
List the prime factors of 1170792/32 - 930/(-248).
3, 12197
Let p(a) = a**3 + a - 34. Let s be p(0). Let x(z) = -z**2 - 43*z + 80. What are the prime factors of x(s)?
2, 193
Suppose 409*a = 133*a + 834072. What are the prime factors of a?
2, 1511
Let m(x) = 29*x**2 + 49*x + 16. Let h be m(-12). Suppose -h - 44 = -6*w. What are the prime factors of w?
2, 19
Let v be 36/10*(6 - 456/(-9)). Suppose -5*s = -v - 146. Let u = s + 69. What are the prime factors of u?
139
Let a = 3315 + -819. Let s = a + -1410. What are the prime factors of s?
2, 3, 181
Suppose 2*r + 2*r - 4*l = 3396, -5*l - 3400 = -4*r. Let d = -506 + r. What are the prime factors of d?
3, 113
Let y(n) = -n**3 - 2*n**2 - 2*n. Let d be y(3). Let w = 1 - 21. Let b = w - d. What are the prime factors of b?
31
List the prime factors of 6 + 2*34*22089/74.
2, 3, 47
Suppose 48*r - 49*r = -903. Let j = r - 179. List the prime factors of j.
2, 181
Let f = 12 + -10. Let k = -1305 + 2055. Suppose -725 = -3*t + f*i - 0*i, -3*t - 3*i + k = 0. What are the prime factors of t?
5, 7
Suppose -114*t + 755669 = -720745. What are the prime factors of t?
3, 1439
Suppose -2*m + 8 - 2 = 0. Suppose 4*y = -12, 0 = -3*x - 0*x + m*y + 3. What are the prime factors of x/(-3)*1*138?
2, 23
Suppose 2*n - 2*h - 840 = 0, -5*h = -5*n + n + 1676. Let z = -162 + n. Suppose -5*x = z - 922. List the prime factors of x.
2, 3, 11
Let a(l) = -2*l + 3. Let r(p) = -11*p - 17. Let n(z) = 5*a(z) - r(z). Suppose 5*t - 4*q + 34 = 0, 3*q + 25 = -4*t + 4*q. List the prime factors of n(t).
2, 13
Let z(c) = 34*c**2 + 10*c + 413. List the prime factors of z(-13).
6029
Suppose -43*u = -42*u + 35. What are the prime factors of u/(-15)*93 - 1?
2, 3
List the prime factors of (1646368/144)/(16/72).
51449
Suppose 5 = -15*f + 16*f. Let s(x) be the first derivative of x**4/4 - x**3/3 - 5*x + 2. List the prime factors of s(f).
5, 19
Suppose 4 = -2*w, 1017 = 2*i + 2*w - 37967. List the prime factors of i.
2, 3, 19
Suppose 4*r - 3*n - 31019 = 0, 3*r = -2*n - 2*n + 23283. What are the prime factors of r?
7757
Suppose -4*l + 3*g + 2293 = 0, -1 = -g - 0. Let i = 806 - l. Suppose 8*n = 10*n - i. What are the prime factors of n?
2, 29
Let j be (12/(-10))/(19/95). Let h be (0 - j) + (-5 - (-3 + 2)). Suppose -4*o = -r - 309, 5*o - 3*o = h*r + 162. List the prime factors of o.
2, 19
Suppose 6*c + 7722 = 3*c - 2*l, -4*c + 2*l - 10310 = 0. Let d = 3945 + c. What are the prime factors of d?
37
Let y be (-1048)/(-6) + 1 + 9/27. Suppose y = -24*q + 28*q. Suppose n - h + 12 = q, -5*h - 5 = 0. List the prime factors of n.
31
List the prime factors of 7 + (-3597)/(-22)*(-1730)/(-15).
2, 3, 131
Let c(j) = 703*j - 769. What are the prime factors of c(21)?
2, 6997